{"id":152,"date":"2018-07-18T13:53:55","date_gmt":"2018-07-18T13:53:55","guid":{"rendered":"http:\/\/missionsbruecke.de\/?page_id=152"},"modified":"2018-07-18T13:54:39","modified_gmt":"2018-07-18T13:54:39","slug":"der-verein","status":"publish","type":"page","link":"https:\/\/missionsbruecke.de\/?page_id=152","title":{"rendered":"Der Verein"},"content":{"rendered":"<p>Seit 2007 unterst\u00fctzt die &#8222;Missionsbr\u00fccke Moosbach &#8211; Ndendule&#8220; die segensreiche Arbeit von Pater Ferdinand im Kongo. Im Januar 2018 wurde zu diesem Zweck offiziell ein Verein gegr\u00fcndet.<\/p>\n<p style=\"text-align: left;\">Zum Pressebericht zur Gr\u00fcndungsversammlung:<\/p>\n<p><a href=\"https:\/\/www.onetz.de\/moosbach\/vermischtes\/verein-missionsbruecke-moosbach-ndenduledr-kongo-mit-27-mitgliedern-gegruendet-fundament-fuer-missionsbruecke-d1808202.html\"><img loading=\"lazy\" decoding=\"async\" class=\"alignnone size-medium wp-image-133\" src=\"http:\/\/missionsbruecke.de\/wp-content\/uploads\/2018\/07\/Gruendungsversammlung_Onetz-300x201.png\" alt=\"\" width=\"300\" height=\"201\" srcset=\"https:\/\/missionsbruecke.de\/wp-content\/uploads\/2018\/07\/Gruendungsversammlung_Onetz-300x201.png 300w, https:\/\/missionsbruecke.de\/wp-content\/uploads\/2018\/07\/Gruendungsversammlung_Onetz.png 400w\" sizes=\"auto, (max-width: 300px) 100vw, 300px\" \/><\/a><\/p>\n<p>Besonders sollen Entwicklungsprojekte in der Demokratischen Republik Kongo, dem Missionsgebiet von Pater Ferdinand, gef\u00f6rdert werden. In regelm\u00e4\u00dfigen Abst\u00e4nden reisen immer wieder Mitglieder in den Kongo, um die Arbeit von P. Ferdinand vor Ort zu unterst\u00fctzen.<\/p>\n<p>Die Vereinssatzung kann\u00a0<em><a href=\"http:\/\/missionsbruecke.de\/wp-content\/uploads\/2018\/07\/Satzung_Missionsbruecke.pdf\">hier<\/a>\u00a0<\/em>eingesehen werden.<\/p>\n<p>Um die Arbeit von Pater Ferdinand zu unterst\u00fctzen, k\u00f6nnen auch Sie <em><a href=\"http:\/\/missionsbruecke.de\/?page_id=112\">Mitglied werden<\/a><\/em>!<\/p>\n","protected":false},"excerpt":{"rendered":"<p>Seit 2007 unterst\u00fctzt die &#8222;Missionsbr\u00fccke Moosbach &#8211; Ndendule&#8220; die segensreiche Arbeit von Pater Ferdinand im Kongo. Im Januar 2018 wurde zu diesem Zweck offiziell ein Verein gegr\u00fcndet. Zum Pressebericht zur Gr\u00fcndungsversammlung: Besonders sollen Entwicklungsprojekte in der Demokratischen Republik&#8230; <a class=\"read-more\" href=\"https:\/\/missionsbruecke.de\/?page_id=152\">Mehr erfahren<\/a><\/p>\n","protected":false},"author":1,"featured_media":0,"parent":0,"menu_order":0,"comment_status":"closed","ping_status":"closed","template":"","meta":{"footnotes":""},"class_list":["post-152","page","type-page","status-publish","hentry","no-comments"],"_links":{"self":[{"href":"https:\/\/missionsbruecke.de\/index.php?rest_route=\/wp\/v2\/pages\/152","targetHints":{"allow":["GET"]}}],"collection":[{"href":"https:\/\/missionsbruecke.de\/index.php?rest_route=\/wp\/v2\/pages"}],"about":[{"href":"https:\/\/missionsbruecke.de\/index.php?rest_route=\/wp\/v2\/types\/page"}],"author":[{"embeddable":true,"href":"https:\/\/missionsbruecke.de\/index.php?rest_route=\/wp\/v2\/users\/1"}],"replies":[{"embeddable":true,"href":"https:\/\/missionsbruecke.de\/index.php?rest_route=%2Fwp%2Fv2%2Fcomments&post=152"}],"version-history":[{"count":3,"href":"https:\/\/missionsbruecke.de\/index.php?rest_route=\/wp\/v2\/pages\/152\/revisions"}],"predecessor-version":[{"id":417,"href":"https:\/\/missionsbruecke.de\/index.php?rest_route=\/wp\/v2\/pages\/152\/revisions\/417"}],"wp:attachment":[{"href":"https:\/\/missionsbruecke.de\/index.php?rest_route=%2Fwp%2Fv2%2Fmedia&parent=152"}],"curies":[{"name":"wp","href":"https:\/\/api.w.org\/{rel}","templated":true}]}}